?
137
Let r(b) = 2*b**3 - 3*b**2 - 24*b - 5. Let c be r(6). Suppose -3*o + c = 2*j, -j + 3*o - 335 = -5*j. Calculate the highest common factor of j and 5.
5
Suppose -a = -3*w - 474, -a + 3*a + 779 = -5*w. Let q = -79 - w. Calculate the highest common factor of q and 24.
6
Let i = -4637 - -4683. Calculate the highest common factor of 43 and i.
1
Let j(v) = -9*v**2 - 5*v + 6. Let i be j(1). Let r(p) = -23*p - 112. Let b be r(i). Calculate the greatest common factor of b and 168.
24
Let c(l) = -56*l - 1566. Let z be c(-30). What is the greatest common divisor of 494 and z?
38
Let q = -30 + 40. Let m be q + 83 + 1 + 1 + 3. What is the highest common factor of 42 and m?
14
Suppose 19*i - 56*i = -12543. Let a = i + -257. Calculate the greatest common divisor of 902 and a.
82
Suppose -1121 - 10712 = -196*q + 7767. Calculate the greatest common factor of 800 and q.
100
Let c be -7 - 3 - (-7 + 3) - 3. Let p be 3/(c/366)*6/(-12). What is the greatest common factor of 793 and p?
61
Suppose -2*m = -4*z - 82, 2*m - 4*z - 100 = -6*z. Let o(h) = 15*h**2 + 3*h - 19. Let a be o(2). What is the greatest common factor of a and m?
47
Let b(q) = -57*q - 4516. Let a be b(-92). What is the greatest common divisor of 168 and a?
56
Let b(h) = -7*h - 22. Let t(o) = -15*o**2 - 2*o - 3. Let c be t(-1). Let z be b(c). Let u = -38 + 74. What is the highest common factor of z and u?
18
Let s be 35 - 24*3/9. What is the highest common divisor of 2844 and s?
9
Let v = -12064 - -22075. Calculate the highest common factor of v and 423.
141
Suppose 0 = 6*l - 7*l + 170. Suppose l - 13 = i. Suppose -5*t + 505 = 3*x, 2*x - x - 4*t = i. Calculate the highest common factor of x and 15.
15
Let s = 2858 - 2849. Calculate the greatest common divisor of 1080 and s.
9
Suppose 571 = 5*y - s, s + 3*s - 452 = -4*y. Let i(k) = 168*k + 22. Let w be i(1). What is the highest common divisor of y and w?
38
Suppose 3*a - 51 = -k, 5*a - 75 = -581*k + 576*k. What is the greatest common divisor of 100 and a?
2
Suppose 5*u + 2 + 3 = 0, 4*s + 8 = -4*u. Let f be (-9)/s + -74 + 74. Calculate the greatest common divisor of 33 and f.
3
Let q = -401 + 409. Suppose -14*p = -q*p - 546. Calculate the highest common factor of 104 and p.
13
Let d(o) = 109*o - 19. Let f be d(2). Suppose -197 = -4*w + f. Calculate the greatest common divisor of w and 33.
33
Let f be (-6)/16 - 680238/(-1872). What is the highest common factor of f and 33?
33
Suppose 5*t - s = 63, -6 = -s - 2*s. Suppose 2*l = 4*w + 258, -5*l + 2*w - 30 = -715. Suppose 11*h = l + 433. What is the greatest common factor of h and t?
13
Suppose -4*i = 2*n - 80, -3*i + 103 = 115. Calculate the greatest common divisor of n and 184.
8
Let a = -560 - -873. Suppose -1143 = -14*j + a. What is the greatest common divisor of j and 52?
52
Let g = 53 - 56. Let h = g - -25. Let n = 40 - h. What is the greatest common factor of n and 9?
9
Let z = -284 + 284. Suppose 3*v + 3*n = 33 + 12, z = -3*v + 5*n + 45. What is the highest common divisor of v and 195?
15
Let n(b) = -b**3 + 5*b**2 + 16*b - 51. Suppose 6 = 16*p - 90. Let q be n(p). Calculate the highest common divisor of q and 63.
9
Suppose 25 = -0*q + 5*q - 5*y, -25 = -2*q - 3*y. Let o be 1/((-44)/8) + (-970)/(-11). Calculate the greatest common factor of o and q.
8
Let w(c) = 3*c**2 - 13*c - 2. Let p be w(3). Let o be 1941/9 - p/42. What is the highest common factor of o and 8?
8
Let v = -313 + 318. Suppose -m = -2*k + 58 + 11, 0 = 2*k - v*m - 49. What is the greatest common factor of 851 and k?
37
Suppose 5*q - 34680 = 5*c, 0 = -5*c - 7 + 47. What is the highest common factor of q and 64?
32
Suppose 4*j - 5*u - 15 = 51, 3*u - 101 = -5*j. Suppose 0 = p - 34 + j. What is the greatest common factor of 60 and p?
15
Suppose -f = -o + 1, 2*f = 4*o - 2 - 4. Suppose 3*p + o*h = 17, -p = -4*h - 8 - 21. Calculate the highest common divisor of 225 and p.
9
Let l = -5095 - -5185. What is the greatest common divisor of l and 580?
10
Suppose 0 = -5*p + 4*o + 129 + 149, 2*p - 98 = -5*o. What is the greatest common factor of 246 and p?
6
Suppose 28536 + 27449 = 15*x + 8945. Calculate the highest common factor of x and 98.
98
Let p be (((-162)/60)/((-6)/16))/((-111)/(-370)). Calculate the greatest common factor of p and 16284.
12
Suppose 4*l - 99 - 594 = -n, -2*n - 162 = -l. Calculate the greatest common factor of l and 8.
4
Let l be 108/14*(-1008)/54. Let i be 32/l + 2776/18. Calculate the highest common factor of i and 66.
22
Let j = 103 + -43. Let h(y) = -13*y + 649. Let p be h(49). What is the highest common divisor of j and p?
12
Suppose -3051 = 49*h - 11799 - 9186. Calculate the greatest common factor of 7869 and h.
183
Suppose 0 = 79*q - 84*q - 2*o + 60627, 0 = 2*q - 2*o - 24234. What is the greatest common factor of q and 27?
27
Let y(q) = 2767*q**2 - 12*q - 13. Let w be y(-2). Calculate the highest common divisor of 9 and w.
9
Suppose 10*y + 84 = 17*y. Let p(v) = v**2 - 3*v - 4. Let m be p(-3). Let z = 110 - m. Calculate the greatest common factor of z and y.
12
Let d = -16558 - -49164. What is the highest common divisor of d and 548?
274
Let w be (66/(-7))/(5 + 987/(-196)). Let j be (-37840)/w*(0 + 6/(-4)). What is the greatest common factor of 43 and j?
43
Let f(q) = q**2 - 2*q + 4. Let j be f(-4). Suppose -14*g - 24 - 74 = 0. Let z be (-4)/7*g - -3. What is the highest common divisor of z and j?
7
Suppose 0*s - 2*s + 27 = f, 4*f = 2*s + 138. Suppose -4*n + 41 - f = 0. Calculate the highest common divisor of 34 and n.
2
Let r(d) = 4*d**2 - 9*d + 4. Let x be r(3). Calculate the greatest common divisor of 21 and x.
1
Suppose -2*l - 3*x + 374 = -656, -3*l = x - 1552. Let j be (-4)/18 + 6625/(-2385) + 17. Calculate the highest common factor of l and j.
14
Let r(n) = n**2 + 4*n + 4. Let v be r(-6). Let m be 8/2 + 0 + -3. Let q = 31 + m. What is the highest common factor of q and v?
16
Let z(m) = -2*m**2 + 20*m - 10. Let u be z(8). Suppose -1350 = -u*p + 13*p. Calculate the greatest common factor of 6 and p.
6
Suppose 4*j = 352 - 328. Suppose 50 = j*l - 610. Let p = -5 - -15. Calculate the greatest common factor of p and l.
10
Let c = -6143 + 16658. Calculate the highest common divisor of 15 and c.
15
Let l = -3 - 7. Let y be 12/l*(-84 - -24). Suppose -4*a + y = -2*a. Calculate the highest common factor of 4 and a.
4
Suppose -18*s = -163 - 269. Let l = s - -67. Suppose 0 = 4*j - k - 156, -j + 3*k = 2*j - 117. What is the highest common divisor of l and j?
13
Suppose 3*p + 1463 = -5*d, -5*d + 9*d = p + 499. Let u = -347 - p. Calculate the highest common factor of u and 48.
48
Let r = 13750 + -13745. Let d(m) = -m**2 - 4*m - 1. Let b be d(-3). Suppose 4*i - 80 = b*z, r*i - 9*i + z = -76. What is the greatest common factor of 4 and i?
2
Let r = -1427 - -1826. What is the highest common factor of 456 and r?
57
Suppose -2*t + 3*i = -9129, -i = 4*t + i - 18314. What is the highest common divisor of t and 15?
15
Suppose -n - 16*v + 18*v = -282, -2*v - 1434 = -5*n. Calculate the highest common divisor of n and 224.
32
Suppose 10*u - 9*u = 36. Let d(m) = -38*m - m**2 - 1 - 38*m + 69*m. Let r be d(-5). What is the greatest common factor of r and u?
9
Let f be (3*-3)/((-6942)/171236). Suppose -n + 5*n = 24. What is the highest common factor of n and f?
6
Suppose 187*l - 196*l + 8235 = 0. Calculate the highest common factor of l and 120.
15
Let s = 18514 + -11775. What is the highest common divisor of s and 23?
23
Let a = -5904 - -6164. What is the greatest common divisor of a and 2535?
65
Let y(r) = 19*r**2 - 19*r. Let k be ((-16)/18)/(474/54 - 9). Let i be y(k). Calculate the highest common divisor of 36 and i.
12
Let r(f) = -14*f**3 - 5*f + 12. Let p be r(2). Let m = -104 - p. What is the highest common factor of m and 12?
6
Suppose -21647 = -182*j - 208*j - 4487. Let x be (44/(-2))/((-2)/5). What is the greatest common factor of x and j?
11
Suppose h = -3*w + 4 + 10, 0 = 2*w + 3*h - 14. Let u be (w + (-117)/52)/((-1)/(-32)). Calculate the greatest common divisor of 70 and u.
14
Suppose -5*q = -21 + 1. Suppose -q*w - 210 = -11*w. Suppose -u - w = -55. Calculate the greatest common factor of u and 275.
25
Let c = -52 + 82. Let v be (1512/30)/(9/c). Let p be 2/((-28)/(-6)) + 264/v. What is the highest common factor of p and 1?
